[INFO] cloning repository https://github.com/BRBussy/soltime
[INFO] running `Command { std: "git" "-c" "credential.helper=" "-c" "credential.helper=/workspace/cargo-home/bin/git-credential-null" "clone" "--bare" "https://github.com/BRBussy/soltime" "/workspace/cache/git-repos/https%3A%2F%2Fgithub.com%2FBRBussy%2Fsoltime", kill_on_drop: false }`
[INFO] [stderr] Cloning into bare repository '/workspace/cache/git-repos/https%3A%2F%2Fgithub.com%2FBRBussy%2Fsoltime'...
[INFO] running `Command { std: "git" "rev-parse" "HEAD", kill_on_drop: false }`
[INFO] [stdout] ebcbe5c87719e348b1cc16c8d649c378041e7583
[INFO] checking BRBussy/soltime against master#9610dfe5a9a731ced1ea4923ecbd0c57fe367898 for beta-170-4
[INFO] running `Command { std: "git" "clone" "/workspace/cache/git-repos/https%3A%2F%2Fgithub.com%2FBRBussy%2Fsoltime" "/workspace/builds/worker-0-tc1/source", kill_on_drop: false }`
[INFO] [stderr] Cloning into '/workspace/builds/worker-0-tc1/source'...
[INFO] [stderr] done.
[INFO] validating manifest of git repo https://github.com/BRBussy/soltime on toolchain 9610dfe5a9a731ced1ea4923ecbd0c57fe367898
[INFO] running `Command { std: CARGO_HOME="/workspace/cargo-home" RUSTUP_HOME="/workspace/rustup-home" "/workspace/cargo-home/bin/cargo" "+9610dfe5a9a731ced1ea4923ecbd0c57fe367898" "metadata" "--manifest-path" "Cargo.toml" "--no-deps", kill_on_drop: false }`
[INFO] removed /workspace/builds/worker-0-tc1/source/.cargo/config.toml
[INFO] started tweaking git repo https://github.com/BRBussy/soltime
[INFO] finished tweaking git repo https://github.com/BRBussy/soltime
[INFO] tweaked toml for git repo https://github.com/BRBussy/soltime written to /workspace/builds/worker-0-tc1/source/Cargo.toml
[INFO] crate git repo https://github.com/BRBussy/soltime already has a lockfile, it will not be regenerated
[INFO] running `Command { std: CARGO_HOME="/workspace/cargo-home" RUSTUP_HOME="/workspace/rustup-home" "/workspace/cargo-home/bin/cargo" "+9610dfe5a9a731ced1ea4923ecbd0c57fe367898" "fetch" "--manifest-path" "Cargo.toml", kill_on_drop: false }`
[INFO] [stderr]     Updating crates.io index
[INFO] [stderr]     Blocking waiting for file lock on package cache
[INFO] [stderr]  Downloading crates ...
[INFO] [stderr]   Downloaded jsonrpc-server-utils v17.0.0
[INFO] [stderr]   Downloaded solana-sdk-macro v1.6.8
[INFO] [stderr]   Downloaded solana-sdk v1.6.8
[INFO] [stderr]   Downloaded sha2 v0.9.4
[INFO] [stderr]   Downloaded cc v1.0.49
[INFO] [stderr]   Downloaded jsonrpc-pubsub v17.0.0
[INFO] [stderr]   Downloaded solana-validator v1.6.8
[INFO] [stderr]   Downloaded goauth v0.9.0
[INFO] [stderr]   Downloaded solana-sys-tuner v1.6.8
[INFO] [stderr]   Downloaded solana-client v1.6.8
[INFO] [stderr]   Downloaded solana-cli-config v1.6.8
[INFO] [stderr]   Downloaded solana-secp256k1-program v1.6.8
[INFO] [stderr]   Downloaded crossbeam-utils v0.8.4
[INFO] [stderr]   Downloaded trees v0.2.1
[INFO] [stderr]   Downloaded solana-banks-client v1.6.8
[INFO] [stderr]   Downloaded unix_socket2 v0.5.4
[INFO] [stderr]   Downloaded jsonrpc-ipc-server v17.0.1
[INFO] [stderr]   Downloaded solana-streamer v1.6.8
[INFO] [stderr]   Downloaded spl-associated-token-account v1.0.2
[INFO] [stderr]   Downloaded ouroboros_macro v0.5.1
[INFO] [stderr]   Downloaded zstd v0.5.4+zstd.1.4.7
[INFO] [stderr]   Downloaded educe v0.4.16
[INFO] [stderr]   Downloaded core_affinity v0.5.10
[INFO] [stderr]   Downloaded indexed v0.1.1
[INFO] [stderr]   Downloaded tokio-tls v0.2.1
[INFO] [stderr]   Downloaded jsonrpc-derive v17.0.0
[INFO] [stderr]   Downloaded solana-remote-wallet v1.6.8
[INFO] [stderr]   Downloaded jsonrpc-http-server v17.0.0
[INFO] [stderr]   Downloaded arc-swap v1.2.0
[INFO] [stderr]   Downloaded jsonrpc-ws-server v17.0.0
[INFO] [stderr]   Downloaded jsonrpc-client-transports v17.0.0
[INFO] [stderr]   Downloaded solana_rbpf v0.2.8
[INFO] [stderr]   Downloaded solana-crate-features v1.6.8
[INFO] [stderr]   Downloaded raptorq v1.6.3
[INFO] [stderr]   Downloaded websocket-base v0.24.0
[INFO] [stderr]   Downloaded derive_more v0.99.13
[INFO] [stderr]   Downloaded solana-program v1.6.8
[INFO] [stderr]   Downloaded tokio-util v0.6.6
[INFO] [stderr]   Downloaded tower v0.4.7
[INFO] [stderr]   Downloaded tiny-bip39 v0.8.0
[INFO] [stderr]   Downloaded parity-tokio-ipc v0.8.0
[INFO] [stderr]   Downloaded websocket v0.24.0
[INFO] [stderr]   Downloaded tarpc v0.24.1
[INFO] [stderr]   Downloaded clang-sys v1.2.0
[INFO] [stderr]   Downloaded hidapi v1.2.6
[INFO] [stderr]   Downloaded backtrace v0.3.57
[INFO] [stderr]   Downloaded solana-runtime v1.6.8
[INFO] [stderr]   Downloaded reed-solomon-erasure v4.0.2
[INFO] [stderr]   Downloaded parity-ws v0.10.0
[INFO] [stderr]   Downloaded chrono-humanize v0.1.2
[INFO] [stderr]   Downloaded bindgen v0.57.0
[INFO] [stderr]   Downloaded solana-account-decoder v1.6.8
[INFO] [stderr]   Downloaded curve25519-dalek v2.1.2
[INFO] [stderr]   Downloaded spl-token v3.1.0
[INFO] [stderr]   Downloaded solana-net-utils v1.6.8
[INFO] [stderr]   Downloaded tokio v1.5.0
[INFO] [stderr]   Downloaded bzip2-sys v0.1.10+1.0.8
[INFO] [stderr]   Downloaded libsecp256k1 v0.3.5
[INFO] [stderr]   Downloaded zeroize_derive v1.1.0
[INFO] [stderr]   Downloaded jsonrpc-core v17.0.0
[INFO] [stderr]   Downloaded solana-download-utils v1.6.8
[INFO] [stderr]   Downloaded const_fn v0.4.7
[INFO] [stderr]   Downloaded smpl_jwt v0.6.1
[INFO] [stderr]   Downloaded ouroboros v0.5.1
[INFO] [stderr]   Downloaded cpufeatures v0.1.1
[INFO] [stderr]   Downloaded borsh v0.8.2
[INFO] [stderr]   Downloaded solana-frozen-abi v1.6.8
[INFO] [stderr]   Downloaded solana-rayon-threadlimit v1.6.8
[INFO] [stderr]   Downloaded hmac-drbg v0.2.0
[INFO] [stderr]   Downloaded signature v1.3.0
[INFO] [stderr]   Downloaded solana-transaction-status v1.6.8
[INFO] [stderr]   Downloaded solana-stake-program v1.6.8
[INFO] [stderr]   Downloaded retain_mut v0.1.3
[INFO] [stderr]   Downloaded arc-swap v0.4.8
[INFO] [stderr]   Downloaded crossbeam-epoch v0.9.4
[INFO] [stderr]   Downloaded lru v0.6.5
[INFO] [stderr]   Downloaded tarpc-plugins v0.9.0
[INFO] [stderr]   Downloaded async-stream v0.3.1
[INFO] [stderr]   Downloaded solana-measure v1.6.8
[INFO] [stderr]   Downloaded jobserver v0.1.22
[INFO] [stderr]   Downloaded solana-vote-program v1.6.8
[INFO] [stderr]   Downloaded users v0.10.0
[INFO] [stderr]   Downloaded backoff v0.3.0
[INFO] [stderr]   Downloaded solana-config-program v1.6.8
[INFO] [stderr]   Downloaded solana-frozen-abi-macro v1.6.8
[INFO] [stderr]   Downloaded simpl v0.1.0
[INFO] [stderr]   Downloaded solana-version v1.6.8
[INFO] [stderr]   Downloaded sysctl v0.4.1
[INFO] [stderr]   Downloaded solana-storage-bigtable v1.6.8
[INFO] [stderr]   Downloaded ed25519 v1.1.1
[INFO] [stderr]   Downloaded httpdate v1.0.0
[INFO] [stderr]   Downloaded solana-clap-utils v1.6.8
[INFO] [stderr]   Downloaded solana-metrics v1.6.8
[INFO] [stderr]   Downloaded jsonrpc-core-client v17.0.0
[INFO] [stderr]   Downloaded fast-math v0.1.1
[INFO] [stderr]   Downloaded async-stream-impl v0.3.1
[INFO] [stderr]   Downloaded rpassword v4.0.5
[INFO] [stderr]   Downloaded zstd-safe v2.0.6+zstd.1.4.7
[INFO] [stderr]   Downloaded solana-faucet v1.6.8
[INFO] [stderr]   Downloaded zstd-sys v1.4.18+zstd.1.4.7
[INFO] [stderr]   Downloaded hyper v0.14.7
[INFO] [stderr]   Downloaded ring v0.16.12
[INFO] [stderr]   Downloaded solana-program-test v1.6.8
[INFO] [stderr]   Downloaded librocksdb-sys v6.17.3
[INFO] [stderr]   Downloaded solana-banks-interface v1.6.8
[INFO] [stderr]   Downloaded solana-banks-server v1.6.8
[INFO] [stderr]   Downloaded solana-bpf-loader-program v1.6.8
[INFO] [stderr]   Downloaded solana-ledger v1.6.8
[INFO] [stderr]   Downloaded solana-core v1.6.8
[INFO] [stderr]   Downloaded solana-merkle-tree v1.6.8
[INFO] [stderr]   Downloaded solana-storage-proto v1.6.8
[INFO] [stderr]   Downloaded solana-budget-program v1.6.8
[INFO] [stderr]   Downloaded solana-perf v1.6.8
[INFO] [stderr]   Downloaded jemalloc-ctl v0.3.3
[INFO] [stderr]   Downloaded gethostname v0.2.1
[INFO] [stderr]   Downloaded solana-logger v1.6.8
[INFO] running `Command { std: "docker" "create" "-v" "/var/lib/crater-agent-workspace/builds/worker-0-tc1/target:/opt/rustwide/target:rw,Z" "-v" "/var/lib/crater-agent-workspace/builds/worker-0-tc1/source:/opt/rustwide/workdir:ro,Z" "-v" "/var/lib/crater-agent-workspace/cargo-home:/opt/rustwide/cargo-home:ro,Z" "-v" "/var/lib/crater-agent-workspace/rustup-home:/opt/rustwide/rustup-home:ro,Z" "-e" "SOURCE_DIR=/opt/rustwide/workdir" "-e" "CARGO_TARGET_DIR=/opt/rustwide/target" "-e" "CARGO_HOME=/opt/rustwide/cargo-home" "-e" "RUSTUP_HOME=/opt/rustwide/rustup-home" "-w" "/opt/rustwide/workdir" "-m" "1610612736" "--user" "0:0" "--network" "none" "ghcr.io/rust-lang/crates-build-env/linux@sha256:19e73879b68f455e41552ea35293514db52ea292d993f571636dbffedb77a1ee" "/opt/rustwide/cargo-home/bin/cargo" "+9610dfe5a9a731ced1ea4923ecbd0c57fe367898" "metadata" "--no-deps" "--format-version=1", kill_on_drop: false }`
[INFO] [stdout] a0925dfc1c6d9d8bf738e057b71da7aef6df71b515ea0d574261fbf35fad4224
[INFO] running `Command { std: "docker" "start" "-a" "a0925dfc1c6d9d8bf738e057b71da7aef6df71b515ea0d574261fbf35fad4224", kill_on_drop: false }`
[INFO] running `Command { std: "docker" "inspect" "a0925dfc1c6d9d8bf738e057b71da7aef6df71b515ea0d574261fbf35fad4224", kill_on_drop: false }`
[INFO] running `Command { std: "docker" "rm" "-f" "a0925dfc1c6d9d8bf738e057b71da7aef6df71b515ea0d574261fbf35fad4224", kill_on_drop: false }`
[INFO] [stdout] a0925dfc1c6d9d8bf738e057b71da7aef6df71b515ea0d574261fbf35fad4224
[INFO] running `Command { std: "docker" "create" "-v" "/var/lib/crater-agent-workspace/builds/worker-0-tc1/target:/opt/rustwide/target:rw,Z" "-v" "/var/lib/crater-agent-workspace/builds/worker-0-tc1/source:/opt/rustwide/workdir:ro,Z" "-v" "/var/lib/crater-agent-workspace/cargo-home:/opt/rustwide/cargo-home:ro,Z" "-v" "/var/lib/crater-agent-workspace/rustup-home:/opt/rustwide/rustup-home:ro,Z" "-e" "SOURCE_DIR=/opt/rustwide/workdir" "-e" "CARGO_TARGET_DIR=/opt/rustwide/target" "-e" "CARGO_INCREMENTAL=0" "-e" "RUST_BACKTRACE=full" "-e" "RUSTFLAGS=--cap-lints=forbid" "-e" "RUSTDOCFLAGS=--cap-lints=forbid" "-e" "CARGO_HOME=/opt/rustwide/cargo-home" "-e" "RUSTUP_HOME=/opt/rustwide/rustup-home" "-w" "/opt/rustwide/workdir" "-m" "1610612736" "--user" "0:0" "--network" "none" "ghcr.io/rust-lang/crates-build-env/linux@sha256:19e73879b68f455e41552ea35293514db52ea292d993f571636dbffedb77a1ee" "/opt/rustwide/cargo-home/bin/cargo" "+9610dfe5a9a731ced1ea4923ecbd0c57fe367898" "check" "--frozen" "--all" "--all-targets" "--message-format=json", kill_on_drop: false }`
[INFO] [stdout] f5d710def34a664468269a2cc238f5443a93f36b355ab38469121c0a33174270
[INFO] running `Command { std: "docker" "start" "-a" "f5d710def34a664468269a2cc238f5443a93f36b355ab38469121c0a33174270", kill_on_drop: false }`
[INFO] [stderr]    Compiling libc v0.2.94
[INFO] [stderr]    Compiling proc-macro2 v1.0.26
[INFO] [stderr]    Compiling syn v1.0.72
[INFO] [stderr]    Compiling memchr v2.4.0
[INFO] [stderr]    Compiling serde_derive v1.0.125
[INFO] [stderr]    Compiling serde v1.0.125
[INFO] [stderr]    Compiling typenum v1.13.0
[INFO] [stderr]     Checking lazy_static v1.4.0
[INFO] [stderr]     Checking slab v0.4.3
[INFO] [stderr]     Checking futures v0.1.31
[INFO] [stderr]     Checking pin-project-lite v0.2.6
[INFO] [stderr]     Checking futures-core v0.3.14
[INFO] [stderr]     Checking futures-sink v0.3.14
[INFO] [stderr]    Compiling generic-array v0.14.4
[INFO] [stderr]     Checking itoa v0.4.7
[INFO] [stderr]     Checking futures-task v0.3.14
[INFO] [stderr]     Checking futures-io v0.3.14
[INFO] [stderr]     Checking subtle v2.4.0
[INFO] [stderr]     Checking ahash v0.4.7
[INFO] [stderr]    Compiling crossbeam-utils v0.8.4
[INFO] [stderr]     Checking futures-channel v0.3.14
[INFO] [stderr]    Compiling memoffset v0.6.3
[INFO] [stderr]     Checking crossbeam-utils v0.7.2
[INFO] [stderr]    Compiling httparse v1.4.0
[INFO] [stderr]    Compiling rayon-core v1.9.0
[INFO] [stderr]     Checking hashbrown v0.9.1
[INFO] [stderr]     Checking matches v0.1.8
[INFO] [stderr]     Checking tinyvec v1.2.0
[INFO] [stderr]    Compiling tokio v1.5.0
[INFO] [stderr]    Compiling spin v0.5.2
[INFO] [stderr]    Compiling rayon v1.5.0
[INFO] [stderr]    Compiling serde_json v1.0.64
[INFO] [stderr]     Checking unicode-bidi v0.3.5
[INFO] [stderr]    Compiling openssl v0.10.34
[INFO] [stderr]     Checking http v0.2.4
[INFO] [stderr]     Checking tracing-core v0.1.18
[INFO] [stderr]    Compiling indexmap v1.6.2
[INFO] [stderr]    Compiling parking_lot_core v0.6.2
[INFO] [stderr]    Compiling native-tls v0.2.7
[INFO] [stderr]     Checking crossbeam-epoch v0.9.4
[INFO] [stderr]     Checking crossbeam-channel v0.5.1
[INFO] [stderr]     Checking aho-corasick v0.7.18
[INFO] [stderr]    Compiling quote v1.0.9
[INFO] [stderr]     Checking smallvec v0.6.14
[INFO] [stderr]     Checking crossbeam-deque v0.8.0
[INFO] [stderr]    Compiling parking_lot v0.9.0
[INFO] [stderr]     Checking unicode-normalization v0.1.17
[INFO] [stderr]     Checking lock_api v0.3.4
[INFO] [stderr]     Checking cpufeatures v0.1.1
[INFO] [stderr]     Checking openssl-probe v0.1.2
[INFO] [stderr]    Compiling getrandom v0.2.2
[INFO] [stderr]     Checking tokio-executor v0.1.10
[INFO] [stderr]     Checking tokio-sync v0.1.8
[INFO] [stderr]    Compiling feature-probe v0.1.1
[INFO] [stderr]    Compiling proc-macro2 v0.4.30
[INFO] [stderr]     Checking want v0.3.0
[INFO] [stderr]     Checking form_urlencoded v1.0.1
[INFO] [stderr]    Compiling solana-frozen-abi-macro v1.6.8
[INFO] [stderr]    Compiling rustversion v1.0.4
[INFO] [stderr]     Checking termcolor v1.1.2
[INFO] [stderr]    Compiling solana-frozen-abi v1.6.8
[INFO] [stderr]     Checking generic-array v0.12.4
[INFO] [stderr]     Checking num_cpus v1.13.0
[INFO] [stderr]     Checking parking_lot_core v0.8.3
[INFO] [stderr]     Checking iovec v0.1.4
[INFO] [stderr]     Checking signal-hook-registry v1.3.0
[INFO] [stderr]     Checking getrandom v0.1.16
[INFO] [stderr]    Compiling jobserver v0.1.22
[INFO] [stderr]     Checking net2 v0.2.37
[INFO] [stderr]     Checking regex v1.5.4
[INFO] [stderr]     Checking digest v0.8.1
[INFO] [stderr]     Checking rand_core v0.5.1
[INFO] [stderr]     Checking bytes v0.4.12
[INFO] [stderr]     Checking parking_lot v0.11.1
[INFO] [stderr]     Checking mio v0.7.11
[INFO] [stderr]    Compiling cc v1.0.49
[INFO] [stderr]     Checking rand_pcg v0.2.1
[INFO] [stderr]     Checking rand_chacha v0.2.2
[INFO] [stderr]     Checking once_cell v1.7.2
[INFO] [stderr]     Checking mio v0.6.23
[INFO] [stderr]     Checking atty v0.2.14
[INFO] [stderr]    Compiling bv v0.11.1
[INFO] [stderr]     Checking idna v0.2.3
[INFO] [stderr]    Compiling memoffset v0.5.6
[INFO] [stderr]    Compiling winapi v0.3.9
[INFO] [stderr]     Checking rand_core v0.6.2
[INFO] [stderr]     Checking http-body v0.4.1
[INFO] [stderr]     Checking rand v0.7.3
[INFO] [stderr]     Checking tokio-io v0.1.13
[INFO] [stderr]     Checking socket2 v0.4.0
[INFO] [stderr]     Checking memmap2 v0.1.0
[INFO] [stderr]     Checking time v0.1.44
[INFO] [stderr]    Compiling solana-program v1.6.8
[INFO] [stderr]    Compiling crossbeam-epoch v0.8.2
[INFO] [stderr]     Checking httpdate v1.0.0
[INFO] [stderr]    Compiling bs58 v0.3.1
[INFO] [stderr]     Checking url v2.2.2
[INFO] [stderr]     Checking block-buffer v0.7.3
[INFO] [stderr]     Checking itertools v0.9.0
[INFO] [stderr]    Compiling syn v0.15.44
[INFO] [stderr]     Checking mio-uds v0.6.8
[INFO] [stderr]     Checking gimli v0.23.0
[INFO] [stderr]     Checking env_logger v0.8.3
[INFO] [stderr]    Compiling encoding_rs v0.8.28
[INFO] [stderr]     Checking tokio-reactor v0.1.12
[INFO] [stderr]     Checking tokio-codec v0.1.2
[INFO] [stderr]    Compiling failure_derive v0.1.8
[INFO] [stderr]     Checking object v0.23.0
[INFO] [stderr]     Checking rustc-demangle v0.1.19
[INFO] [stderr]     Checking crossbeam-queue v0.2.3
[INFO] [stderr]     Checking solana-logger v1.6.8
[INFO] [stderr]     Checking signature v1.3.0
[INFO] [stderr]     Checking tokio-tcp v0.1.4
[INFO] [stderr]     Checking subtle v1.0.0
[INFO] [stderr]     Checking crossbeam-deque v0.7.3
[INFO] [stderr]     Checking unicode-xid v0.1.0
[INFO] [stderr]     Checking ipnet v2.3.0
[INFO] [stderr]    Compiling crunchy v0.2.2
[INFO] [stderr]    Compiling openssl-sys v0.9.63
[INFO] [stderr]    Compiling ring v0.16.12
[INFO] [stderr]    Compiling blake3 v0.3.7
[INFO] [stderr]     Checking crypto-mac v0.7.0
[INFO] [stderr]     Checking tokio-udp v0.1.6
[INFO] [stderr]     Checking hmac v0.7.1
[INFO] [stderr]     Checking tokio-uds v0.2.7
[INFO] [stderr]     Checking tokio-threadpool v0.1.18
[INFO] [stderr]     Checking tokio-current-thread v0.1.7
[INFO] [stderr]     Checking tokio-timer v0.2.13
[INFO] [stderr]     Checking hmac-drbg v0.2.0
[INFO] [stderr]     Checking sha2 v0.8.2
[INFO] [stderr]     Checking quote v0.6.13
[INFO] [stderr]    Compiling solana-sdk v1.6.8
[INFO] [stderr]     Checking qstring v0.7.2
[INFO] [stderr]     Checking tokio-fs v0.1.7
[INFO] [stderr]     Checking libsecp256k1 v0.3.5
[INFO] [stderr]     Checking uriparse v0.6.3
[INFO] [stderr]     Checking assert_matches v1.5.0
[INFO] [stderr]    Compiling glob v0.3.0
[INFO] [stderr]     Checking tokio v0.1.22
[INFO] [stderr]     Checking rand_chacha v0.3.0
[INFO] [stderr]    Compiling anyhow v1.0.40
[INFO] [stderr]     Checking rand v0.8.3
[INFO] [stderr] The following warnings were emitted during compilation:
[INFO] [stderr] 
[INFO] [stderr] warning: build/expando.c:4:24: error: pasting "RUST_VERSION_OPENSSL_" and "(" does not give a valid preprocessing token
[INFO] [stderr] warning:     4 | #define VERSION2(n, v) RUST_VERSION_##n##_##v
[INFO] [stderr] warning:       |                        ^~~~~~~~~~~~~
[INFO] [stderr] warning: build/expando.c:5:23: note: in expansion of macro 'VERSION2'
[INFO] [stderr] warning:     5 | #define VERSION(n, v) VERSION2(n, v)
[INFO] [stderr] warning:       |                       ^~~~~~~~
[INFO] [stderr] warning: build/expando.c:10:1: note: in expansion of macro 'VERSION'
[INFO] [stderr] warning:    10 | VERSION(OPENSSL, OPENSSL_VERSION_NUMBER)
[INFO] [stderr] warning:       | ^~~~~~~
[INFO] [stderr] 
[INFO] [stderr] error: failed to run custom build command for `openssl-sys v0.9.63`
[INFO] [stderr] note: To improve backtraces for build dependencies, set the CARGO_PROFILE_DEV_BUILD_OVERRIDE_DEBUG=true environment variable to enable debug information generation.
[INFO] [stderr] 
[INFO] [stderr] Caused by:
[INFO] [stderr]   process didn't exit successfully: `/opt/rustwide/target/debug/build/openssl-sys-827151fd74974a52/build-script-main` (exit status: 101)
[INFO] [stderr]   --- stdout
[INFO] [stderr]   cargo:rustc-cfg=const_fn
[INFO] [stderr]   cargo:rerun-if-env-changed=X86_64_UNKNOWN_LINUX_GNU_OPENSSL_LIB_DIR
[INFO] [stderr]   X86_64_UNKNOWN_LINUX_GNU_OPENSSL_LIB_DIR unset
[INFO] [stderr]   cargo:rerun-if-env-changed=OPENSSL_LIB_DIR
[INFO] [stderr]   OPENSSL_LIB_DIR unset
[INFO] [stderr]   cargo:rerun-if-env-changed=X86_64_UNKNOWN_LINUX_GNU_OPENSSL_INCLUDE_DIR
[INFO] [stderr]   X86_64_UNKNOWN_LINUX_GNU_OPENSSL_INCLUDE_DIR unset
[INFO] [stderr]   cargo:rerun-if-env-changed=OPENSSL_INCLUDE_DIR
[INFO] [stderr]   OPENSSL_INCLUDE_DIR unset
[INFO] [stderr]   cargo:rerun-if-env-changed=X86_64_UNKNOWN_LINUX_GNU_OPENSSL_DIR
[INFO] [stderr]   X86_64_UNKNOWN_LINUX_GNU_OPENSSL_DIR unset
[INFO] [stderr]   cargo:rerun-if-env-changed=OPENSSL_DIR
[INFO] [stderr]   OPENSSL_DIR unset
[INFO] [stderr]   cargo:rerun-if-env-changed=OPENSSL_NO_PKG_CONFIG
[INFO] [stderr]   cargo:rerun-if-env-changed=PKG_CONFIG
[INFO] [stderr]   cargo:rerun-if-env-changed=OPENSSL_STATIC
[INFO] [stderr]   cargo:rerun-if-env-changed=OPENSSL_DYNAMIC
[INFO] [stderr]   cargo:rerun-if-env-changed=PKG_CONFIG_ALL_STATIC
[INFO] [stderr]   cargo:rerun-if-env-changed=PKG_CONFIG_ALL_DYNAMIC
[INFO] [stderr]   cargo:rerun-if-env-changed=PKG_CONFIG_PATH_x86_64-unknown-linux-gnu
[INFO] [stderr]   cargo:rerun-if-env-changed=PKG_CONFIG_PATH_x86_64_unknown_linux_gnu
[INFO] [stderr]   cargo:rerun-if-env-changed=HOST_PKG_CONFIG_PATH
[INFO] [stderr]   cargo:rerun-if-env-changed=PKG_CONFIG_PATH
[INFO] [stderr]   cargo:rerun-if-env-changed=PKG_CONFIG_LIBDIR_x86_64-unknown-linux-gnu
[INFO] [stderr]   cargo:rerun-if-env-changed=PKG_CONFIG_LIBDIR_x86_64_unknown_linux_gnu
[INFO] [stderr]   cargo:rerun-if-env-changed=HOST_PKG_CONFIG_LIBDIR
[INFO] [stderr]   cargo:rerun-if-env-changed=PKG_CONFIG_LIBDIR
[INFO] [stderr]   cargo:rerun-if-env-changed=PKG_CONFIG_SYSROOT_DIR_x86_64-unknown-linux-gnu
[INFO] [stderr]   cargo:rerun-if-env-changed=PKG_CONFIG_SYSROOT_DIR_x86_64_unknown_linux_gnu
[INFO] [stderr]   cargo:rerun-if-env-changed=HOST_PKG_CONFIG_SYSROOT_DIR
[INFO] [stderr]   cargo:rerun-if-env-changed=PKG_CONFIG_SYSROOT_DIR
[INFO] [stderr]   cargo:rerun-if-env-changed=PKG_CONFIG_SYSROOT_DIR
[INFO] [stderr]   cargo:rerun-if-env-changed=SYSROOT
[INFO] [stderr]   cargo:rerun-if-env-changed=OPENSSL_STATIC
[INFO] [stderr]   cargo:rerun-if-env-changed=OPENSSL_DYNAMIC
[INFO] [stderr]   cargo:rerun-if-env-changed=PKG_CONFIG_ALL_STATIC
[INFO] [stderr]   cargo:rerun-if-env-changed=PKG_CONFIG_ALL_DYNAMIC
[INFO] [stderr]   cargo:rustc-link-lib=ssl
[INFO] [stderr]   cargo:rustc-link-lib=crypto
[INFO] [stderr]   cargo:rerun-if-env-changed=PKG_CONFIG
[INFO] [stderr]   cargo:rerun-if-env-changed=OPENSSL_STATIC
[INFO] [stderr]   cargo:rerun-if-env-changed=OPENSSL_DYNAMIC
[INFO] [stderr]   cargo:rerun-if-env-changed=PKG_CONFIG_ALL_STATIC
[INFO] [stderr]   cargo:rerun-if-env-changed=PKG_CONFIG_ALL_DYNAMIC
[INFO] [stderr]   cargo:rerun-if-env-changed=PKG_CONFIG_PATH_x86_64-unknown-linux-gnu
[INFO] [stderr]   cargo:rerun-if-env-changed=PKG_CONFIG_PATH_x86_64_unknown_linux_gnu
[INFO] [stderr]   cargo:rerun-if-env-changed=HOST_PKG_CONFIG_PATH
[INFO] [stderr]   cargo:rerun-if-env-changed=PKG_CONFIG_PATH
[INFO] [stderr]   cargo:rerun-if-env-changed=PKG_CONFIG_LIBDIR_x86_64-unknown-linux-gnu
[INFO] [stderr]   cargo:rerun-if-env-changed=PKG_CONFIG_LIBDIR_x86_64_unknown_linux_gnu
[INFO] [stderr]   cargo:rerun-if-env-changed=HOST_PKG_CONFIG_LIBDIR
[INFO] [stderr]   cargo:rerun-if-env-changed=PKG_CONFIG_LIBDIR
[INFO] [stderr]   cargo:rerun-if-env-changed=PKG_CONFIG_SYSROOT_DIR_x86_64-unknown-linux-gnu
[INFO] [stderr]   cargo:rerun-if-env-changed=PKG_CONFIG_SYSROOT_DIR_x86_64_unknown_linux_gnu
[INFO] [stderr]   cargo:rerun-if-env-changed=HOST_PKG_CONFIG_SYSROOT_DIR
[INFO] [stderr]   cargo:rerun-if-env-changed=PKG_CONFIG_SYSROOT_DIR
[INFO] [stderr]   OPT_LEVEL = Some("0")
[INFO] [stderr]   TARGET = Some("x86_64-unknown-linux-gnu")
[INFO] [stderr]   HOST = Some("x86_64-unknown-linux-gnu")
[INFO] [stderr]   CC_x86_64-unknown-linux-gnu = None
[INFO] [stderr]   CC_x86_64_unknown_linux_gnu = None
[INFO] [stderr]   HOST_CC = None
[INFO] [stderr]   CC = None
[INFO] [stderr]   CFLAGS_x86_64-unknown-linux-gnu = None
[INFO] [stderr]   CFLAGS_x86_64_unknown_linux_gnu = None
[INFO] [stderr]   HOST_CFLAGS = None
[INFO] [stderr]   CFLAGS = None
[INFO] [stderr]   CRATE_CC_NO_DEFAULTS = None
[INFO] [stderr]   DEBUG = Some("true")
[INFO] [stderr]   CARGO_CFG_TARGET_FEATURE = Some("fxsr,sse,sse2")
[INFO] [stderr]   running: "cc" "-O0" "-ffunction-sections" "-fdata-sections" "-fPIC" "-g" "-fno-omit-frame-pointer" "-m64" "-I" "/usr/include" "-Wall" "-Wextra" "-E" "build/expando.c"
[INFO] [stderr]   cargo:warning=build/expando.c:4:24: error: pasting "RUST_VERSION_OPENSSL_" and "(" does not give a valid preprocessing token
[INFO] [stderr]   cargo:warning=    4 | #define VERSION2(n, v) RUST_VERSION_##n##_##v
[INFO] [stderr]   cargo:warning=      |                        ^~~~~~~~~~~~~
[INFO] [stderr]   cargo:warning=build/expando.c:5:23: note: in expansion of macro 'VERSION2'
[INFO] [stderr]   cargo:warning=    5 | #define VERSION(n, v) VERSION2(n, v)
[INFO] [stderr]   cargo:warning=      |                       ^~~~~~~~
[INFO] [stderr]   cargo:warning=build/expando.c:10:1: note: in expansion of macro 'VERSION'
[INFO] [stderr]   cargo:warning=   10 | VERSION(OPENSSL, OPENSSL_VERSION_NUMBER)
[INFO] [stderr]   cargo:warning=      | ^~~~~~~
[INFO] [stderr]   exit status: 1
[INFO] [stderr] 
[INFO] [stderr]   --- stderr
[INFO] [stderr]   thread 'main' panicked at '
[INFO] [stderr]   Header expansion error:
[INFO] [stderr]   Error { kind: ToolExecError, message: "Command \"cc\" \"-O0\" \"-ffunction-sections\" \"-fdata-sections\" \"-fPIC\" \"-g\" \"-fno-omit-frame-pointer\" \"-m64\" \"-I\" \"/usr/include\" \"-Wall\" \"-Wextra\" \"-E\" \"build/expando.c\" with args \"cc\" did not execute successfully (status code exit status: 1)." }
[INFO] [stderr] 
[INFO] [stderr]   Failed to find OpenSSL development headers.
[INFO] [stderr] 
[INFO] [stderr]   You can try fixing this setting the `OPENSSL_DIR` environment variable
[INFO] [stderr]   pointing to your OpenSSL installation or installing OpenSSL headers package
[INFO] [stderr]   specific to your distribution:
[INFO] [stderr] 
[INFO] [stderr]       # On Ubuntu
[INFO] [stderr]       sudo apt-get install libssl-dev
[INFO] [stderr]       # On Arch Linux
[INFO] [stderr]       sudo pacman -S openssl
[INFO] [stderr]       # On Fedora
[INFO] [stderr]       sudo dnf install openssl-devel
[INFO] [stderr] 
[INFO] [stderr]   See rust-openssl README for more information:
[INFO] [stderr] 
[INFO] [stderr]       https://github.com/sfackler/rust-openssl#linux
[INFO] [stderr]   ', /opt/rustwide/cargo-home/registry/src/index.crates.io-6f17d22bba15001f/openssl-sys-0.9.63/build/main.rs:147:13
[INFO] [stderr]   stack backtrace:
[INFO] [stderr]      0:     0x55f65dbdb3d1 - std::backtrace_rs::backtrace::libunwind::trace::h036e87df56fc4b9d
[INFO] [stderr]                                  at /rustc/9610dfe5a9a731ced1ea4923ecbd0c57fe367898/library/std/src/../../backtrace/src/backtrace/libunwind.rs:93:5
[INFO] [stderr]      1:     0x55f65dbdb3d1 - std::backtrace_rs::backtrace::trace_unsynchronized::hd61eb2dbd6ae476a
[INFO] [stderr]                                  at /rustc/9610dfe5a9a731ced1ea4923ecbd0c57fe367898/library/std/src/../../backtrace/src/backtrace/mod.rs:66:5
[INFO] [stderr]      2:     0x55f65dbdb3d1 - std::sys_common::backtrace::_print_fmt::h00c50d0875db23c9
[INFO] [stderr]                                  at /rustc/9610dfe5a9a731ced1ea4923ecbd0c57fe367898/library/std/src/sys_common/backtrace.rs:65:5
[INFO] [stderr]      3:     0x55f65dbdb3d1 - <std::sys_common::backtrace::_print::DisplayBacktrace as core::fmt::Display>::fmt::h63195ab2dde77ccc
[INFO] [stderr]                                  at /rustc/9610dfe5a9a731ced1ea4923ecbd0c57fe367898/library/std/src/sys_common/backtrace.rs:44:22
[INFO] [stderr]      4:     0x55f65dbfd2ef - core::fmt::rt::Argument::fmt::h83f4110348c688f4
[INFO] [stderr]                                  at /rustc/9610dfe5a9a731ced1ea4923ecbd0c57fe367898/library/core/src/fmt/rt.rs:138:9
[INFO] [stderr]      5:     0x55f65dbfd2ef - core::fmt::write::h509367dd365f983a
[INFO] [stderr]                                  at /rustc/9610dfe5a9a731ced1ea4923ecbd0c57fe367898/library/core/src/fmt/mod.rs:1094:21
[INFO] [stderr]      6:     0x55f65dbd89f1 - std::io::Write::write_fmt::h8e60bfebdaabfee5
[INFO] [stderr]                                  at /rustc/9610dfe5a9a731ced1ea4923ecbd0c57fe367898/library/std/src/io/mod.rs:1713:15
[INFO] [stderr]      7:     0x55f65dbdb1e5 - std::sys_common::backtrace::_print::h96e550016098cde6
[INFO] [stderr]                                  at /rustc/9610dfe5a9a731ced1ea4923ecbd0c57fe367898/library/std/src/sys_common/backtrace.rs:47:5
[INFO] [stderr]      8:     0x55f65dbdb1e5 - std::sys_common::backtrace::print::h7a049611b153a02e
[INFO] [stderr]                                  at /rustc/9610dfe5a9a731ced1ea4923ecbd0c57fe367898/library/std/src/sys_common/backtrace.rs:34:9
[INFO] [stderr]      9:     0x55f65dbdc8b7 - std::panicking::default_hook::{{closure}}::h1b023d46676794c4
[INFO] [stderr]     10:     0x55f65dbdc6a4 - std::panicking::default_hook::hea2961dabcf68e83
[INFO] [stderr]                                  at /rustc/9610dfe5a9a731ced1ea4923ecbd0c57fe367898/library/std/src/panicking.rs:288:9
[INFO] [stderr]     11:     0x55f65dbdcd6c - std::panicking::rust_panic_with_hook::h4285c91a8168b001
[INFO] [stderr]                                  at /rustc/9610dfe5a9a731ced1ea4923ecbd0c57fe367898/library/std/src/panicking.rs:705:13
[INFO] [stderr]     12:     0x55f65dbdcc67 - std::panicking::begin_panic_handler::{{closure}}::h6ebd0d46f0c6b010
[INFO] [stderr]                                  at /rustc/9610dfe5a9a731ced1ea4923ecbd0c57fe367898/library/std/src/panicking.rs:597:13
[INFO] [stderr]     13:     0x55f65dbdb806 - std::sys_common::backtrace::__rust_end_short_backtrace::h92042d128576b63a
[INFO] [stderr]                                  at /rustc/9610dfe5a9a731ced1ea4923ecbd0c57fe367898/library/std/src/sys_common/backtrace.rs:151:18
[INFO] [stderr]     14:     0x55f65dbdc9b2 - rust_begin_unwind
[INFO] [stderr]                                  at /rustc/9610dfe5a9a731ced1ea4923ecbd0c57fe367898/library/std/src/panicking.rs:593:5
[INFO] [stderr]     15:     0x55f65db49693 - core::panicking::panic_fmt::h65404fc8061ee73a
[INFO] [stderr]                                  at /rustc/9610dfe5a9a731ced1ea4923ecbd0c57fe367898/library/core/src/panicking.rs:67:14
[INFO] [stderr]     16:     0x55f65db4dfba - build_script_main::validate_headers::h8f6feadbcfa9df1c
[INFO] [stderr]     17:     0x55f65db5361d - build_script_main::find_normal::try_pkg_config::h8f856a6b56b11f3a
[INFO] [stderr]     18:     0x55f65db52762 - build_script_main::find_normal::find_openssl_dir::hbccc08c8cefd2c09
[INFO] [stderr]     19:     0x55f65db52192 - build_script_main::find_normal::get_openssl::{{closure}}::h08d5b907734fffd1
[INFO] [stderr]     20:     0x55f65db4eec9 - core::option::Option<T>::unwrap_or_else::h69b2aa47f6e4d9b6
[INFO] [stderr]     21:     0x55f65db51f4a - build_script_main::find_normal::get_openssl::h87ea3914c15eb5f4
[INFO] [stderr]     22:     0x55f65db4b74d - build_script_main::find_openssl::hbd4a86f5c8352eea
[INFO] [stderr]     23:     0x55f65db4b82d - build_script_main::main::h04f7e588e6c1b6ee
[INFO] [stderr]     24:     0x55f65db54933 - core::ops::function::FnOnce::call_once::h4025080440110ea5
[INFO] [stderr]     25:     0x55f65db53d76 - std::sys_common::backtrace::__rust_begin_short_backtrace::h31642b9cafe3f9ba
[INFO] [stderr]     26:     0x55f65db4f249 - std::rt::lang_start::{{closure}}::hd07385c649cb29be
[INFO] [stderr]     27:     0x55f65dbd4d85 - core::ops::function::impls::<impl core::ops::function::FnOnce<A> for &F>::call_once::h49ef85a8a8d45198
[INFO] [stderr]                                  at /rustc/9610dfe5a9a731ced1ea4923ecbd0c57fe367898/library/core/src/ops/function.rs:284:13
[INFO] [stderr]     28:     0x55f65dbd4d85 - std::panicking::try::do_call::ha1def14af693a135
[INFO] [stderr]                                  at /rustc/9610dfe5a9a731ced1ea4923ecbd0c57fe367898/library/std/src/panicking.rs:500:40
[INFO] [stderr]     29:     0x55f65dbd4d85 - std::panicking::try::haa3dc2a1139932e2
[INFO] [stderr]                                  at /rustc/9610dfe5a9a731ced1ea4923ecbd0c57fe367898/library/std/src/panicking.rs:464:19
[INFO] [stderr]     30:     0x55f65dbd4d85 - std::panic::catch_unwind::h9d9cbebaf9f15c67
[INFO] [stderr]                                  at /rustc/9610dfe5a9a731ced1ea4923ecbd0c57fe367898/library/std/src/panic.rs:142:14
[INFO] [stderr]     31:     0x55f65dbd4d85 - std::rt::lang_start_internal::{{closure}}::hf660a772669a69cc
[INFO] [stderr]                                  at /rustc/9610dfe5a9a731ced1ea4923ecbd0c57fe367898/library/std/src/rt.rs:148:48
[INFO] [stderr]     32:     0x55f65dbd4d85 - std::panicking::try::do_call::hb1c34715bb9b1c46
[INFO] [stderr]                                  at /rustc/9610dfe5a9a731ced1ea4923ecbd0c57fe367898/library/std/src/panicking.rs:500:40
[INFO] [stderr]     33:     0x55f65dbd4d85 - std::panicking::try::h499866fd990da8f1
[INFO] [stderr]                                  at /rustc/9610dfe5a9a731ced1ea4923ecbd0c57fe367898/library/std/src/panicking.rs:464:19
[INFO] [stderr]     34:     0x55f65dbd4d85 - std::panic::catch_unwind::hac1ffec55b72e7bc
[INFO] [stderr]                                  at /rustc/9610dfe5a9a731ced1ea4923ecbd0c57fe367898/library/std/src/panic.rs:142:14
[INFO] [stderr]     35:     0x55f65dbd4d85 - std::rt::lang_start_internal::h0fecf91cd579e7b6
[INFO] [stderr]                                  at /rustc/9610dfe5a9a731ced1ea4923ecbd0c57fe367898/library/std/src/rt.rs:148:20
[INFO] [stderr]     36:     0x55f65db4f227 - std::rt::lang_start::hbff470f8a10b8b41
[INFO] [stderr]     37:     0x55f65db4ec95 - main
[INFO] [stderr]     38:     0x7fd8f0c6bd90 - <unknown>
[INFO] [stderr]     39:     0x7fd8f0c6be40 - __libc_start_main
[INFO] [stderr]     40:     0x55f65db49e25 - _start
[INFO] [stderr]     41:                0x0 - <unknown>
[INFO] [stderr] warning: build failed, waiting for other jobs to finish...
[INFO] running `Command { std: "docker" "inspect" "f5d710def34a664468269a2cc238f5443a93f36b355ab38469121c0a33174270", kill_on_drop: false }`
[INFO] running `Command { std: "docker" "rm" "-f" "f5d710def34a664468269a2cc238f5443a93f36b355ab38469121c0a33174270", kill_on_drop: false }`
[INFO] [stdout] f5d710def34a664468269a2cc238f5443a93f36b355ab38469121c0a33174270
